{"id":39,"date":"2014-03-25T10:40:36","date_gmt":"2014-03-25T10:40:36","guid":{"rendered":"http:\/\/tapiceriarosales.es\/?page_id=39"},"modified":"2019-08-02T11:45:17","modified_gmt":"2019-08-02T11:45:17","slug":"quienes-somos","status":"publish","type":"page","link":"https:\/\/tapiceriarosales.es\/?page_id=39","title":{"rendered":"Quienes somos"},"content":{"rendered":"<div id=\"imCel6_00\"><strong>ANTONIO ROSALES<\/strong>&nbsp;es una empresa familiar <strong>fundada en 1909<\/strong> que posee una amplia tradici\u00f3n en tapicer\u00eda y trabajo con los tejidos.<\/div>\n<div id=\"imCel0_00\">\n<div id=\"imCel0_00_Cont\">\n<div id=\"imObj0_00\">\n<p><a href=\"https:\/\/tapiceriarosales.es\/wp-content\/uploads\/2014\/03\/taller.png\"><img loading=\"lazy\" decoding=\"async\" class=\"alignnone wp-image-109\" src=\"https:\/\/tapiceriarosales.es\/wp-content\/uploads\/2014\/03\/taller.png\" alt=\"taller\" width=\"336\" height=\"252\" srcset=\"https:\/\/tapiceriarosales.es\/wp-content\/uploads\/2014\/03\/taller.png 800w, https:\/\/tapiceriarosales.es\/wp-content\/uploads\/2014\/03\/taller-300x225.png 300w, https:\/\/tapiceriarosales.es\/wp-content\/uploads\/2014\/03\/taller-250x187.png 250w\" sizes=\"auto, (max-width: 336px) 100vw, 336px\" \/><\/a><br \/>\nDesde nuestros comienzos hasta la actualidad hemos ido <strong>evolucionando<\/strong> tanto en los medios tecnol\u00f3gicos como en la <strong>experiencia de nuestro personal,<\/strong> teniendo en cuenta siempre el <strong>esp\u00edritu emprendedor, din\u00e1mico e innovador<\/strong> que busca siempre ir un paso por delante para darles el mejor servicio a sus clientes.<\/p>\n<p>Esto se observa en la evoluci\u00f3n de nuestro trabajo a lo largo de estos a\u00f1os. En la actualidad adem\u00e1s de tapizado tambi\u00e9n realizamos <strong>&nbsp;confecci\u00f3n de cortinas, colchas, alfombras, muebles a medida,.<\/strong>.. y todo lo necesario para la decoraci\u00f3n de su vivienda.<\/p>\n<\/div>\n<\/div>\n<\/div>\n","protected":false},"excerpt":{"rendered":"<p>ANTONIO ROSALES&nbsp;es una empresa familiar fundada en 1909 que posee una amplia tradici\u00f3n en tapicer\u00eda y trabajo con los tejidos. Desde nuestros comienzos hasta la actualidad hemos ido evolucionando tanto en los medios tecnol\u00f3gicos como en la experiencia de nuestro personal, teniendo en cuenta siempre el esp\u00edritu emprendedor, din\u00e1mico e innovador que busca siempre ir [&hellip;]<\/p>\n","protected":false},"author":3,"featured_media":0,"parent":0,"menu_order":0,"comment_status":"closed","ping_status":"open","template":"","meta":{"footnotes":""},"class_list":["post-39","page","type-page","status-publish","hentry"],"_links":{"self":[{"href":"https:\/\/tapiceriarosales.es\/index.php?rest_route=\/wp\/v2\/pages\/39","targetHints":{"allow":["GET"]}}],"collection":[{"href":"https:\/\/tapiceriarosales.es\/index.php?rest_route=\/wp\/v2\/pages"}],"about":[{"href":"https:\/\/tapiceriarosales.es\/index.php?rest_route=\/wp\/v2\/types\/page"}],"author":[{"embeddable":true,"href":"https:\/\/tapiceriarosales.es\/index.php?rest_route=\/wp\/v2\/users\/3"}],"replies":[{"embeddable":true,"href":"https:\/\/tapiceriarosales.es\/index.php?rest_route=%2Fwp%2Fv2%2Fcomments&post=39"}],"version-history":[{"count":11,"href":"https:\/\/tapiceriarosales.es\/index.php?rest_route=\/wp\/v2\/pages\/39\/revisions"}],"predecessor-version":[{"id":631,"href":"https:\/\/tapiceriarosales.es\/index.php?rest_route=\/wp\/v2\/pages\/39\/revisions\/631"}],"wp:attachment":[{"href":"https:\/\/tapiceriarosales.es\/index.php?rest_route=%2Fwp%2Fv2%2Fmedia&parent=39"}],"curies":[{"name":"wp","href":"https:\/\/api.w.org\/{rel}","templated":true}]}}