{"id":36,"date":"2014-03-25T10:39:37","date_gmt":"2014-03-25T10:39:37","guid":{"rendered":"http:\/\/tapiceriarosales.es\/?page_id=36"},"modified":"2021-06-07T18:47:17","modified_gmt":"2021-06-07T18:47:17","slug":"servicios","status":"publish","type":"page","link":"https:\/\/tapiceriarosales.es\/?page_id=36","title":{"rendered":"Tejidos"},"content":{"rendered":"<div id=\"imCel0_00\">\n<div id=\"imCel0_00_Cont\">\n<div id=\"imObj0_00\">\n<p style=\"text-align: center;\">En\u00a0ANTONIO ROSALES DECORACI\u00d3N\u00a0trabajamos con las mejores marcas del mercado tanto nacional como internacional para ofrecerles a nuestros clientes una gran variedad de posibilidad para decorar ese rinc\u00f3n de su hogar haci\u00e9ndolo c\u00e1lido y confortable.<br \/>\nNuestra <strong>gran variedad de tejidos y dise\u00f1os<\/strong> se adaptan a todos los gustos y estilos.<br \/>\n<a href=\"https:\/\/tapiceriarosales.es\/wp-content\/uploads\/2014\/03\/p004_1_01.jpg\"><img loading=\"lazy\" decoding=\"async\" class=\"alignnone wp-image-123 size-thumbnail\" src=\"https:\/\/tapiceriarosales.es\/wp-content\/uploads\/2014\/03\/p004_1_01-150x150.jpg\" alt=\"p004_1_01\" width=\"150\" height=\"150\" \/><\/a><br \/>\nLas Marcas con las que trabajamos son:<\/p>\n<p><span style=\"color: #993300;\">Pincha en cada enlace<\/span><\/p>\n<p><a href=\"http:\/\/www.janechurchill.com\/\" target=\"_blank\" rel=\"noopener noreferrer\"><img loading=\"lazy\" decoding=\"async\" class=\"alignnone wp-image-573\" title=\"Jane Churchil\" src=\"https:\/\/tapiceriarosales.es\/wp-content\/uploads\/2018\/06\/logojane-churchil-300x37.png\" alt=\"\" width=\"319\" height=\"39\" \/><\/a><a href=\"https:\/\/tapiceriarosales.es\/wp-content\/uploads\/2018\/06\/designers_guild_logo-e1529349727496.png\"><img loading=\"lazy\" decoding=\"async\" class=\"alignnone  wp-image-559\" src=\"https:\/\/tapiceriarosales.es\/wp-content\/uploads\/2018\/06\/designers_guild_logo-300x21.png\" alt=\"\" width=\"272\" height=\"19\" \/><\/a> <a href=\"http:\/\/www.froca.com\/\" target=\"_blank\" rel=\"noopener noreferrer\"><img loading=\"lazy\" decoding=\"async\" class=\"alignnone wp-image-571 size-medium\" src=\"https:\/\/tapiceriarosales.es\/wp-content\/uploads\/2018\/06\/logo-froca-300x62.png\" alt=\"\" width=\"300\" height=\"62\" \/><\/a><a href=\"http:\/\/www.grupobcf.com\/\" target=\"_blank\" rel=\"noopener noreferrer\"><img loading=\"lazy\" decoding=\"async\" class=\"alignnone wp-image-574 \" src=\"https:\/\/tapiceriarosales.es\/wp-content\/uploads\/2018\/06\/LOGO-OK-e1529349498975.jpg\" alt=\"\" width=\"94\" height=\"116\" \/><\/a><a href=\"https:\/\/tapiceriarosales.es\/wp-content\/uploads\/2018\/06\/logoosborne-e1529349513178.png\"><img loading=\"lazy\" decoding=\"async\" class=\"alignnone  wp-image-575\" src=\"https:\/\/tapiceriarosales.es\/wp-content\/uploads\/2018\/06\/logoosborne-300x18.png\" alt=\"\" width=\"400\" height=\"24\" \/><\/a><\/p>\n<\/div>\n<p><a href=\"http:\/\/www.colefax.com\/\" target=\"_blank\" rel=\"noopener noreferrer\"><img loading=\"lazy\" decoding=\"async\" class=\"alignnone wp-image-569\" src=\"https:\/\/tapiceriarosales.es\/wp-content\/uploads\/2018\/06\/logocolefax-300x36.png\" alt=\"\" width=\"299\" height=\"46\" \/><\/a><a href=\"http:\/\/www.jamesmalonefabrics.com\/\" target=\"_blank\" rel=\"noopener noreferrer\"><img loading=\"lazy\" decoding=\"async\" class=\"alignnone wp-image-580 size-full\" src=\"https:\/\/tapiceriarosales.es\/wp-content\/uploads\/2018\/06\/james_malone_logo-4.png\" alt=\"\" width=\"196\" height=\"99\" \/><\/a><\/p>\n<p><a href=\"http:\/\/www.elitis.fr\/es\/\" target=\"_blank\" rel=\"noopener noreferrer\"><img loading=\"lazy\" decoding=\"async\" class=\"alignnone wp-image-566 size-medium\" src=\"https:\/\/tapiceriarosales.es\/wp-content\/uploads\/2018\/06\/logo_Elitis_2x-300x120.png\" alt=\"\" width=\"300\" height=\"120\" \/><\/a> \u00a0\u00a0<a href=\"http:\/\/www.g-lamadrid.com\/es\/\" target=\"_blank\" rel=\"noopener noreferrer\"><img loading=\"lazy\" decoding=\"async\" class=\"alignnone wp-image-582 size-full\" src=\"https:\/\/tapiceriarosales.es\/wp-content\/uploads\/2018\/06\/logo_grupo-1.png\" alt=\"\" width=\"167\" height=\"65\" \/><\/a> <a href=\"https:\/\/gastonydaniela.com\/\"><img loading=\"lazy\" decoding=\"async\" class=\"alignnone  wp-image-728\" src=\"https:\/\/tapiceriarosales.es\/wp-content\/uploads\/2021\/06\/descarga.png\" alt=\"\" width=\"186\" height=\"187\" srcset=\"https:\/\/tapiceriarosales.es\/wp-content\/uploads\/2021\/06\/descarga.png 225w, https:\/\/tapiceriarosales.es\/wp-content\/uploads\/2021\/06\/descarga-150x150.png 150w, https:\/\/tapiceriarosales.es\/wp-content\/uploads\/2021\/06\/descarga-48x48.png 48w\" sizes=\"auto, (max-width: 186px) 100vw, 186px\" \/>\u00a0 <\/a><a href=\"https:\/\/tapiceriarosales.es\/wp-content\/uploads\/2018\/06\/logo-kp-e1529402018950.png\"><img loading=\"lazy\" decoding=\"async\" class=\"alignnone size-full wp-image-594\" src=\"https:\/\/tapiceriarosales.es\/wp-content\/uploads\/2018\/06\/logo-kp-e1529402018950.png\" alt=\"\" width=\"120\" height=\"143\" \/><\/a><\/p>\n<p><a href=\"http:\/\/www.crclass.com\" target=\"_blank\" rel=\"noopener noreferrer\"><img loading=\"lazy\" decoding=\"async\" class=\"alignnone wp-image-583 size-full\" src=\"https:\/\/tapiceriarosales.es\/wp-content\/uploads\/2018\/06\/logo-crclass-light.png\" alt=\"\" width=\"280\" height=\"64\" srcset=\"https:\/\/tapiceriarosales.es\/wp-content\/uploads\/2018\/06\/logo-crclass-light.png 280w, https:\/\/tapiceriarosales.es\/wp-content\/uploads\/2018\/06\/logo-crclass-light-250x57.png 250w\" sizes=\"auto, (max-width: 280px) 100vw, 280px\" \/><\/a><\/p>\n<\/div>\n<\/div>\n<div id=\"imCel1_01\"><\/div>\n","protected":false},"excerpt":{"rendered":"<p>En\u00a0ANTONIO ROSALES DECORACI\u00d3N\u00a0trabajamos con las mejores marcas del mercado tanto nacional como internacional para ofrecerles a nuestros clientes una gran variedad de posibilidad para decorar ese rinc\u00f3n de su hogar haci\u00e9ndolo c\u00e1lido y confortable. Nuestra gran variedad de tejidos y dise\u00f1os se adaptan a todos los gustos y estilos. Las Marcas con las que trabajamos [&hellip;]<\/p>\n","protected":false},"author":3,"featured_media":0,"parent":0,"menu_order":0,"comment_status":"closed","ping_status":"closed","template":"","meta":{"footnotes":""},"class_list":["post-36","page","type-page","status-publish","hentry"],"_links":{"self":[{"href":"https:\/\/tapiceriarosales.es\/index.php?rest_route=\/wp\/v2\/pages\/36","targetHints":{"allow":["GET"]}}],"collection":[{"href":"https:\/\/tapiceriarosales.es\/index.php?rest_route=\/wp\/v2\/pages"}],"about":[{"href":"https:\/\/tapiceriarosales.es\/index.php?rest_route=\/wp\/v2\/types\/page"}],"author":[{"embeddable":true,"href":"https:\/\/tapiceriarosales.es\/index.php?rest_route=\/wp\/v2\/users\/3"}],"replies":[{"embeddable":true,"href":"https:\/\/tapiceriarosales.es\/index.php?rest_route=%2Fwp%2Fv2%2Fcomments&post=36"}],"version-history":[{"count":27,"href":"https:\/\/tapiceriarosales.es\/index.php?rest_route=\/wp\/v2\/pages\/36\/revisions"}],"predecessor-version":[{"id":730,"href":"https:\/\/tapiceriarosales.es\/index.php?rest_route=\/wp\/v2\/pages\/36\/revisions\/730"}],"wp:attachment":[{"href":"https:\/\/tapiceriarosales.es\/index.php?rest_route=%2Fwp%2Fv2%2Fmedia&parent=36"}],"curies":[{"name":"wp","href":"https:\/\/api.w.org\/{rel}","templated":true}]}}